w(y) = 2*y**3 - y**2 + y. Suppose 5*v = 8 - 3. Let x be w(v). Suppose 2*d + 5*t = -8, 4*d = -7*t + x*t - 16. Let z(a) = a + 3. Determine z(d).
-1
Suppose -2*f = 3*c + 21, 70 = -2*f - c + 55. Let v(p) = -24*p - 149. Calculate v(f).
-5
Let v be 830/4 - 2*(-6)/(-24). Let s = v + -213. Let a(p) be the second derivative of p**4/12 + p**3 + 5*p**2/2 + 5*p. What is a(s)?
5
Suppose 0 = -2*a + 5*p + 12, 29 + 1 = 5*a + p. Let r be ((-6)/5)/(68/(-510)). Let q(j) = -j**2 - 5 + 14*j - 14*j + r*j - 4. Calculate q(a).
9
Let s(q) be the third derivative of -5*q**4/24 + 31*q**3/6 + 1626*q**2. Give s(8).
-9
Let x(p) = 7*p**2 + 13*p - 3*p - 1 - 5*p + p**3. Suppose -4*i + 85 = i. Let w(y) = -3*y**3 - 20*y**2 - 14*y + 3. Let r(l) = i*x(l) + 6*w(l). What is r(2)?
-9
Let b be ((-94)/(-4))/((-6)/12). Let k be b/(-7) + 4/14. Let a(s) = 190279*s**2 - 190278*s**2 - 93*s + 42*s + 1 + 43*s. Determine a(k).
-6
Let d(h) = h**3 + 10 + 63*h**2 - h + 4 - 4 - 73*h**2. Determine d(10).
0
Let b be (-8)/13*2509/(-386). Let z(d) = -18*d + 1. Determine z(b).
-71
Let r(q) = -5*q**2 - 3*q**2 - 11*q**2 + 30*q**3 - 29*q**3 - 4 - 44*q. Give r(21).
-46
Let l(w) = 7*w - 4. Suppose -21*r + 40 = -25*r. Let p(i) = 2*i + 23. Let k be p(r). Suppose -3 = k*o + 6. Calculate l(o).
-25
Let m(u) = 25*u**2 + 15*u - 33. Let j(i) = -i**3 + 3*i**2 + i + 4. Let r be j(0). Let h(t) = -9*t**2 - 5*t + 12. Let z(v) = r*m(v) + 11*h(v). Determine z(-6).
6
Let d(i) = 53*i**2 + 2 + 46*i**2 + 46*i**2 - 191*i**2 - 2*i + 47*i**2. Let h = 3 + 0. Calculate d(h).
5
Suppose -2318 = 2*w + 17*w. Let u = -118 - w. Let b(n) = -n**3 + 4*n**2 - 3. Calculate b(u).
-3
Let g = 2 - -5. Let m = 9 + -6. Let p(s) = -m - 47*s**2 - 50*s**2 + 96*s**2 - g*s. Determine p(-5).
7
Let s(h) = h**2 + 7*h - 8. Let n be (64/80)/((-4)/(-150)). Let i be ((-2)/(16/n))/(48/(-128)). Suppose -i*g = -14*g - 28. Determine s(g).
-8
Let s(n) = -11*n**3 - 2*n**2 + 6*n - 4. Suppose -71*k + 26 + 57 = 12. Calculate s(k).
-11
Let x(j) = j**3 + 8*j**2 - 5. Let s be x(-8). Let k(v) = -5*v - 12. Let i be k(s). Let f be 3 + -1 + i + -16. Let w(d) = -2*d**3 - d**2 + 1. Determine w(f).
2
Let d(r) be the third derivative of r**6/120 - r**5/15 - r**4/4 - r**3/2 + 30*r**2 + 11*r. Let u be 3 + -2 + 1 + 3. Calculate d(u).
-8
Let m(k) = -14 - 5 - 6*k**3 + 70*k**2 - 93*k**2 + 3*k**3 + 23*k + 2*k**3. Determine m(-24).
5
Let k(o) be the third derivative of o**6/120 + o**5/30 + o**4/8 - 2*o**3/3 + 3*o**2 - 366. Give k(-4).
-48
Let n(v) = -v**2 + 11*v - 11. Let c(o) = 10 - o - 10*o + 12 + 3*o**2 - 9*o - 4*o. Let j(d) = 2*c(d) + 5*n(d). Give j(-8).
-3
Let w(f) = -f**2 - f + 24. Suppose 33 = -18*s - 66 - 9. Determine w(s).
-6
Let k = -224 - -229. Suppose 3 = 2*z - 3. Suppose 4*m = k*y + 24, z*m + 2*y - 7 = 3*y. Let l(n) = 6*n**2 - 1. What is l(m)?
5
Let u(n) = n**3 + 9*n**2 - 7*n - 12. Let z(w) = w**3 + 39*w**2 + w + 29. Let g be z(-39). Give u(g).
-42
Let b(v) be the first derivative of -v**3/3 + 5*v - 294. Let x = 10 - -3. Let s = -18 + x. Calculate b(s).
-20
Suppose -4*c = 24, -3*l - 69 = 1017*c - 1012*c. Let f(v) = -6*v - 94. What is f(l)?
-16
Let v(d) = -24*d - 1494 + 774 - d**3 + 762 + 12*d**2. Calculate v(10).
2
Let j(l) = 188*l + 46. Let g(d) = -60*d - 13. Let h(k) = -7*g(k) - 2*j(k). Determine h(-1).
-45
Let y(m) be the second derivative of m**3/2 + 11*m**2 + 570*m - 1. Give y(-10).
-8
Let r(s) be the third derivative of -s**6/120 + s**4/24 + 5*s**3/6 - 2*s**2 + 92*s. Let n = 60 + -60. What is r(n)?
5
Suppose -10 = 5*m, -3*m - m - 12 = -2*x. Let y(s) be the third derivative of s**5/10 - s**4/12 + 2*s**3/3 - 200*s**2 + 310. Give y(x).
24
Let p be (-2)/10 - (-210)/50. Suppose -r = 3*k - p*r + 18, 5*r - 12 = 3*k. Let g(w) = w + 13. Calculate g(k).
4
Let v(n) = 2*n**2 - n - 12. Let c = 255 + -256. Let z(i) = -i**2 + i + 2. Let y(p) = c*v(p) - 5*z(p). Calculate y(2).
6
Let r(w) = -2337*w + 1154*w + 1157*w - 15. Determine r(3).
-93
Let g(u) be the second derivative of -u**4/12 + 5*u**3/6 + 3*u**2 - 2*u - 25. Let m = -2 + 7. Determine g(m).
6
Let z(y) = 176*y + 3 + 0*y**3 - y**3 - 178*y - 5 + 8*y**2. Give z(7).
33
Suppose 3*q + 4 = -q, 2 = 3*x - 2*q. Suppose 5 = l, x = -4*w + 2*l + 2*l + 4. Let j(i) = -w*i**2 - i**2 + i**3 + 7*i + 2*i**2 - 5 - 13*i. Give j(6).
-5
Let m(v) = v**3 - 6*v**2 - 4*v - 7. Let h(z) = 6*z**2 + 14*z - 82. Let f be h(4). Suppose -400*y = -390*y - f. Determine m(y).
14
Let v(s) = -22*s**2 - 16*s**2 + 20 - s**3 - 18*s**2 + 86*s**2 - 4*s - 21*s**2. Calculate v(9).
-16
Let m be -2*1*(-5)/2. Suppose 3*x - 2 = 1, -m*x + 6 = w. Let a(v) = 163 - 4*v + 12*v - 338 + 7*v + 175. Give a(w).
15
Let l be ((-1 - 0) + 2)/(-1). Let n be 5 + -3 + (-1)/l. Let i(z) be the third derivative of -z**5/60 + z**4/24 + z**3/2 + 583*z**2 + 11*z. Calculate i(n).
-3
Suppose -2*g - 3*g = -0*g. Let l be -9 + (4 - -1 - g). Let a(d) = -d**2 - 2*d + 1. Determine a(l).
-7
Let k(q) = 1882 + q - 1849 - 4*q. Let p be k(0). Let w be 22/p*(-9)/2. Let a(b) = b**3 + 5*b**2 + b - 1. Calculate a(w).
14
Let q(p) = 5*p - 18*p + 6*p + 5*p + 2. Suppose 0 = -2*b - 8, 0 = -v - 2*b - b - 18. Give q(v).
14
Let d(r) = 3*r - 2. Suppose 0*b = w + 5*b + 26, -6 = 3*w - 3*b. Let y be (5/((-10)/w))/1. Suppose -4*c - 5*h + 28 = -0*h, 5*h - 14 = y*c. What is d(c)?
4
Let k = 142 - 137. Let x(s) = 2*s**2 - 11*s + 5. Let z be x(k). Let i(m) = 23. Let c(n) = -n**2 + n - 1. Let v(b) = -c(b) - i(b). What is v(z)?
-22
Let x(h) = -5*h**2 + 27*h - 17. Let k(o) = -o**2 + 4*o - 3. Let s(q) = 8*k(q) - x(q). What is s(5)?
-57
Let o(i) = i**3 + 15*i**2 + 4*i. Let k(h) = 8*h**2 - 69*h + 25. Let u be k(8). What is o(u)?
-60
Let f(p) = -p**2 - 3*p + 33. Let o be 21/((-420)/(-16)) + 132/(-15). What is f(o)?
-7
Let l(j) = j**3 - 6*j**2 - 5*j + 8. Suppose 2*i - 14 + 0 = -3*a, -a - 4*i = 2. Determine l(a).
-22
Let i be ((-2)/4)/(3406/(-156) + 22). Let t(z) = z**3 + z**2 - 9*z - 16. Determine t(i).
-7
Let c(s) = s**2 - 9*s + 12. Let u(j) = -j**3 - 3*j + 1. Let l be u(1). Let n(p) = p**2 + 15*p + 44. Let d be n(l). Calculate c(d).
4
Let w(z) = z**2 - 4. Let s be 4 + -1 + (-2)/(-2). Let n be ((-36)/(-2))/(-3)*(-21 - -19). Suppose -3*d = u + 2 + 9, -2*d - n = -s*u. Calculate w(d).
12
Let v = 50 + -50. Suppose j + v = -3. Let i(a) = a**3 + a**2 - a + 4. Calculate i(j).
-11
Let p = 443 - 443. Suppose 3*d = 3*o - 39, 0 = 5*o - 2*d - 31 - 22. Suppose 5*w = -2*j + o, p*w - 24 = 5*j - 3*w. Let f(k) = k**2 - 5*k - 4. What is f(j)?
20
Let l(d) = 229 - 114 - d**2 + 4*d - 3*d - 67. Determine l(7).
6
Let l(g) = -g**3 + g**2 - g - 1. Let i = -231 + 225. Let r(d) = -7*d**3 + 12*d**2 - 6*d - 5. Let k(n) = i*l(n) + r(n). Give k(6).
1
Let p(h) = 14*h - 18136 + 3*h**2 + 9073 - 2*h**2 + 9069. Determine p(-13).
-7
Let f(x) = -4*x + 1. Suppose -2*j = 2*r + 8, -2*r - j - 1 = 3. Suppose 5*l - 4*m + 9 = r, -4*m + 3 = 3*l + 2. Let h be ((-5)/(-3) + l)*-3. Determine f(h).
9
Let j be -1 + ((-4)/(-1) - -13). Let c be (-8)/((-13)/(-11) + 14/(-77)). Let x be (1/2)/(c/j). Let y(n) = 2*n**3 - n**2 - n - 1. Give y(x).
-3
Let q(w) = 464 - 2*w**3 - 5263*w - 93*w**2 + 10477*w - 5250*w. What is q(-46)?
4
Suppose -u + 3*k + 177 = 2*u, -5*k = 5*u - 305. Suppose 3*a - 36 = -3*s + 5*a, 7*a = -5*s + u. Let n(x) = x**3 - 11*x**2 - 13*x + 7. Give n(s).
-5
Suppose -3*c = -3*y + 3, 9*y + 17 = 5*y - 3*c. Suppose -3*i = 2*b - 65, 3*i - 2*i - 24 = -3*b. Let a(k) = -13*k + k**2 - 6*k + 0 + i*k + 2. What is a(y)?
2
Let q = -5785 + 5794. Let a(u) = -u**2 + 41*u - 271. Give a(q).
17
Let l(z) be the third derivative of z**6/120 + 2*z**5/15 + 5*z**4/24 - 17*z**3/6 + 23*z**2 - 68*z. What is l(-7)?
-3
Let c(j) = 6*j**3 - j**2 - j. Let t(p) = 2*p**3 + p**2 + 5*p - 7. Let b be t(-3). Let o = b + 114. Suppose -43*q + 4 = -o*q. Calculate c(q).
-6
Suppose 4*f - 34913 = 5*m, 4*m + 11302 + 16614 = -4*f. Let a be (-1)/(-9) + m/(-351). Let s(q) = -q**3 + 20*q**2 - q + 21. Determine s(a).
1
Suppose -6 = 151*t - 154*t. Let v(n) be the first derivative of -3/2*n**2 + t - 1/3*n**3 - 2*n. What is v(-3)?
-2
Suppose -5*j - 16 = 3*i, -5*j - 40 = -3*i - 2*i. Let t(z) = -2*z**i + z**2 + 2 + 96411*z + 8*z**3 - 96413*z. Calculate t(1).
7
Let c be 10/(-4)*(-540)/(-150). Let w(t) = t**2 + 6*t - 32. Let l be w(c). Let o(d) = -d - 5. Determine o(l).
0
Let n(i) be the third derivative of -i**6/360 - i**5/10 - i**4